vided by v?
32
Let r(g) = g**2 + 10*g - 24. Let y be r(-16). Suppose 5*k - y = -3*u, -8*k + 4*k = 5*u - 68. Calculate the remainder when 34 is divided by k.
10
Let a = -2406 - -2427. Suppose m = -4*k + 56 + 367, 0 = 2*m - k - 828. Suppose -7*t + m = -2*t. Calculate the remainder when t is divided by a.
20
Let p(w) = -w**2 - w + 13. Let i(d) = -d**2 + 1. Let u be i(-1). Let l(f) = 15334*f - 61246. Calculate the remainder when l(4) is divided by p(u).
12
Let x = 76 + -68. Suppose 3*a = -5*l + x - 2, 0 = l + 5*a + 12. Suppose -2*s = -3 - l. What is the remainder when 4 is divided by s?
1
Suppose -1593*g = -1604*g + 671. Suppose -2*p = 5*r - 124, r = -p - 3*p + 284. Suppose -v - 3*v = -p. What is the remainder when g is divided by v?
7
Suppose -3*u = -2*a - 805, -42*u + 45*u + 5*a = 770. Calculate the remainder when u is divided by 51.
10
Suppose -2*r - 4*d + 152 = -76, -6*r = -d - 658. Calculate the remainder when 4839 is divided by r.
109
Let v(g) = -112*g - 7. Let d be v(3). Let u = d - -389. Calculate the remainder when u is divided by 38.
8
Let i = 74 - 71. Suppose x = -i*v - 2*x + 300, -12 = 4*x. Suppose 3*l = -4*z + 2*z + 54, -v = -3*z + l. What is the remainder when 97 is divided by z?
31
Calculate the remainder when (-216)/20 + 10 + 432708/60 is divided by 88.
83
Let s(i) = 30*i**2 - 34*i + 171. Calculate the remainder when s(10) is divided by 167.
159
Let j(s) = -2*s**3 + 76*s**2 + 10*s - 205. Calculate the remainder when j(38) is divided by 12.
7
Let f be (-3)/(-36)*51 - 3/12. Suppose 3*c = -4*t + 298 + 309, 5*c - f*t = 1033. What is the remainder when c is divided by 15?
10
Let s be ((-50)/3)/5*54/(-30). Suppose 0 = s*u - 198 - 1518. Calculate the remainder when u is divided by 48.
46
Let z = 1225 + -1054. What is the remainder when 248 is divided by z?
77
What is the remainder when 1137 is divided by 1755/(-26)*4/(-65) - (-2)/(-13)?
1
Let q = -599 - -397. Let c = q + 265. What is the remainder when 247 is divided by c?
58
Let d(s) = s**3 - 7*s**2 - 9*s + 13. Let j be d(7). Let n = j - -62. What is the remainder when 191 is divided by n?
11
Suppose 6*g - 160 = -136. Let q(v) = v**3 - v**2 - 14*v + 22. What is the remainder when q(g) is divided by 14?
0
Suppose -41*s - 10*s + 3780 = -16*s. Calculate the remainder when 416 is divided by s.
92
Let s(f) = 6*f**2 - f - 7. Let p(n) = 137*n + 833. Calculate the remainder when s(2) is divided by p(-6).
4
Suppose -3*w - s + 0*s = -2060, 4*w - 2751 = 3*s. Suppose 0 = i - 6*i - 2*f + w, 3*i + 5*f = 416. Calculate the remainder when i is divided by 5.
2
Let q(h) = -3*h**3 + 15*h**2 + 118*h + 72. Calculate the remainder when q(-15) is divided by 29.
28
Let w(m) = 3*m**2 + 56*m + 219. What is the remainder when 764 is divided by w(-20)?
166
Let y(f) = f**2 + 7*f + 173. What is the remainder when y(10) is divided by 23?
21
Suppose 97 = 33*s - 365. Calculate the remainder when 3105 is divided by s.
11
Suppose -5036 = -2*m + 10*u - 8*u, -4*m + 9976 = 8*u. Calculate the remainder when m is divided by 17.
11
Suppose 5*z + 15 = 0, -22*y - 146 = -27*y - 3*z. What is the remainder when 120 is divided by y?
27
Let h(u) = 5*u**2 - 4*u + 3. Suppose d - 68 = 5*v, -2*d + 3 = -3. Let z(r) = 3*r**2 + 38*r - 5. What is the remainder when h(3) is divided by z(v)?
4
Suppose 20*p - 18*p - 2*h = 596, -5*p - h + 1502 = 0. What is the remainder when p is divided by 151?
149
Suppose 2*b - 5*b = -12, 199 = 3*f + 4*b. Suppose 4*w - f = -17. What is the remainder when 131 is divided by w?
10
Suppose -14 = 122*u - 136*u. Calculate the remainder when 51 is divided by (u - 14)*(-9)/9*1.
12
Let n = 503 - 325. What is the remainder when n*1*4/((-40)/(-15)) is divided by 68?
63
Let i be -5 + 7 - 0 - 202. Let j = 212 + i. What is the remainder when 105 is divided by j?
9
Suppose -3*r + 3*c = -c - 638, r = -3*c + 230. What is the remainder when ((-2)/(-4))/(1/r) is divided by 89/4 + 2/(-8)?
21
Let s be ((-5)/(-2))/(1/12). Let j = 79 - s. Suppose 4*h + 235 = 2*c + 193, 2 = -h. What is the remainder when j is divided by c?
15
Let y = 14084 + -14036. What is the remainder when 814 is divided by y?
46
Suppose -27*g = -461*g + 1294582 + 299500. Calculate the remainder when g is divided by 75.
73
Let g be (-18)/(-8) - 2/8. Let p = 5707 - 5673. Suppose 5*w = 3*m - 9, -5*m + 10*m - g*w - p = 0. Calculate the remainder when 9 is divided by m.
1
Suppose -4*u + 2*u = -5*z + 12, -4*u = z - 20. Suppose -p = 5*y - 58, -z*y + 38 = -p + 6*p. What is the remainder when 6 - 0/(3/y*4) is divided by 4?
2
Suppose -3*u - 180 = -5*g - 147, -5*g = -2*u - 17. Let l = -120 - -185. Let o = u + l. What is the remainder when o is divided by 22?
5
Let m(h) = -h - 1. Let n(x) = x**2 + 12*x + 9. Let y(s) = -4*m(s) - n(s). Let v be y(-7). Suppose v*z - 15 = z. What is the remainder when 28 is divided by z?
13
Let p be (-5670)/(-108) + (-2)/(4/5). Let u = -7 + -9. Let z = p + u. What is the remainder when z is divided by 9?
7
Let c = -7151 + 9122. What is the remainder when c is divided by 21?
18
Let i(w) = -6*w + 12. Let a be i(-8). Calculate the remainder when 6/15 + 2376/a is divided by (1 + 0)*-23*-1.
17
Let k = 67 + -57. Let x(q) = q**3 - 7*q**2 - 8*q - 3. Let h be x(8). What is the remainder when k is divided by 2/(-4)*h*(-112)/(-24)?
3
Let g = -2477 + 2493. What is the remainder when g is divided by 5?
1
Let o = -3 - -12. Let g(z) = -3*z + 31. Let u be g(8). What is the remainder when (1 - -34) + (u - 7)/1 is divided by o?
8
Suppose 0*c = -5*c + 105. What is the remainder when c is divided by ((8 - 55/15) + -11)/((-40)/90)?
6
Let j(f) = -f - 2. Let d(w) = -w**3 - 11*w**2 + w + 11. Let b be d(-11). Let q be j(b). What is the remainder when 114/4*(q + 1 + 3) is divided by 20?
17
Suppose 2*z + 16 = -2*o + 5*z, 4*z = o + 18. Suppose -5*l + 5 + 15 = 0. Calculate the remainder when -15*(-28)/21 + o + 1 is divided by l.
3
Suppose -16*n - 2*q + 37 = -15*n, -4*q = -20. Calculate the remainder when 112 is divided by n.
4
Suppose -49602 - 28871 = -97*t. Calculate the remainder when t is divided by 43.
35
Let q = -69 + 77. Suppose 0 = -24*n + 17*n + 371. Calculate the remainder when n is divided by q.
5
Let w = 139 - 128. Suppose p + w*p = 84. Calculate the remainder when 19 is divided by p.
5
Suppose 35*x - 16*x = 3922 + 4837. What is the remainder when x is divided by 47?
38
Let q = 16738 + -16658. Calculate the remainder when 137 is divided by q.
57
Suppose 4058*w = 4023*w + 40285. Calculate the remainder when w is divided by 208.
111
Let i(d) = -d + 4. Let b be (-4)/(-22) - 1833/(-143). Let k = -10 + b. What is the remainder when 2 is divided by i(k)?
0
Let t = 13771 - 13599. What is the remainder when 1702 is divided by t?
154
Let z be 1/(-1) - (9 + 0). Let l(a) = -591*a - 571. What is the remainder when 476/10 + (-4)/z is divided by l(-1)?
8
Let s(b) = -20*b**2 - 18*b + 46. Let w be s(3). Let u = w - -411. What is the remainder when u is divided by 33?
25
Let o(f) = -f**3 - 9*f**2 - 65*f - 559. What is the remainder when o(-11) is divided by 47?
22
Suppose 82*t - 69*t = 390. What is the remainder when 5699 is divided by t?
29
Suppose -2*t + 26 = -t - 4*h, 5*t = 4*h + 178. Suppose 5*s + 6*s + 2904 = 0. Let x = s + 377. What is the remainder when x is divided by t?
37
Let f = 1581 - 1358. Calculate the remainder when f is divided by 33.
25
Suppose -422 - 1193 = -7*c + 674. What is the remainder when c is divided by 59?
32
Suppose 3*s - 935 = -w, 24*s - 3*w = 21*s + 939. Suppose -4*f = -p + 336, -p - f + s = f. What is the remainder when p is divided by 14?
12
Suppose -1966 + 284 = -29*d. Calculate the remainder when 168 is divided by d.
52
Let p = 24 + -34. Suppose -6*l - 10 + 94 = 0. Calculate the remainder when ((-1728)/60)/(3/p) is divided by l.
12
Suppose -x - 4*x + 300 = 0. Let g = 226802 + -226716. What is the remainder when g is divided by x?
26
Suppose 3*b = -2*d + 5*d - 1305, 885 = 2*d + 3*b. Suppose -4*p + 294 = -d. What is the remainder when p is divided by 31?
28
Let z be (-25)/15*3 + 114. Suppose 2*r = -3*r + 2*q - 258, 2*r + z = -5*q. Let f = 99 + r. Calculate the remainder when f is divided by 15.
2
Let b(a) = 9*a + 87. Let i(k) = 8*k + 86. Let p(g) = -5*b(g) + 6*i(g). What is the remainder when 35 is divided by p(-18)?
8
Let q(a) be the third der